4)/y - 1). Suppose -5*b - j = -w, 2*w - b - 98 = 7. List the prime factors of w.
53
Let y(t) = 19*t - 11. Let f(m) = 10*m - 6. Let i(g) = -5*f(g) + 3*y(g). Let o be i(8). Let p = -21 + o. What are the prime factors of p?
2
Let f = -17262 - -37320. List the prime factors of f.
2, 3, 3343
Suppose 2*h - 4 + 16 = 0, -2*k - 5*h + 94608 = 0. List the prime factors of k.
3, 15773
Suppose -407*s + 845 = -402*s. Let k = s - -1. List the prime factors of k.
2, 5, 17
Suppose -8*t - 9761 = -45081 - 15224. What are the prime factors of t?
2, 3, 13
Suppose -67226 = -4*f - i, 3*i - 24958 - 25448 = -3*f. List the prime factors of f.
2, 11, 191
Let b = 597 + -281. Let m = -158 + b. List the prime factors of m.
2, 79
Let n(i) = 3*i + 16. Let z be n(-4). Suppose z*m + m = 10. Suppose -5*f + 30 = 2*k, 0 = -k - 6*f + m*f + 15. List the prime factors of k.
3, 5
Let d(h) = -h**2 - 7*h + 8. Let p be d(-8). Suppose -4*f - 2*v + 164 = -p*f, -3*v = 5*f - 207. Let q = 73 + f. List the prime factors of q.
2, 7
Suppose -109*w - 313362 = -127*w. What are the prime factors of w?
3, 7, 829
Let g = 65 + 127. Suppose -5*j + g + 23 = 0. Let u = j + -25. What are the prime factors of u?
2, 3
Let m = -1176 - 550. Let n = m - -2456. What are the prime factors of n?
2, 5, 73
Let x = 36038 - 24740. What are the prime factors of x?
2, 3, 7, 269
Let s(p) = 3*p**3 + 7*p**2 - 4*p - 11. Let n(a) = -7*a**3 - 15*a**2 + 7*a + 22. Let l(o) = -2*n(o) - 5*s(o). List the prime factors of l(-8).
5, 31
Let y(d) = 272*d**2 - 4*d + 3. Let x be -7*10/(-14) + -3. What are the prime factors of y(x)?
3, 19
Let g be 8/4 + 0 + -1 + -1. Suppose -3*w + 5*c + 24 = g, 4*w + 1 = 5*c + 28. Suppose -2*k + 181 = -i, 9*k - 4*k - 425 = -w*i. List the prime factors of k.
2, 11
Suppose o + 3*g = 5*g + 8, 3*g - 53 = -5*o. What are the prime factors of 1*(-5)/o - (-1983)/2?
991
List the prime factors of (-9)/(-72)*-4*-1546.
773
List the prime factors of 12 + 28119*(-1)/(-3).
5, 1877
Let n(o) = -2*o**3 + o + 1. Let s(a) = -5*a**3 - 2*a**2 - 17*a - 172. Let c(p) = 3*n(p) - s(p). List the prime factors of c(0).
5, 7
Let p(s) = -s**3 - s**2 - s. Let x(o) = -5*o**3 - 16*o**2 - 11*o - 1. Let l(z) = 4*p(z) - x(z). List the prime factors of l(-9).
181
List the prime factors of 4/((-6113)/1223 + 2 - (12 + -15)).
2, 1223
Let m(h) = -2*h**3 - 33*h**2 + 4. Let f be m(-17). Let l = -105 + f. What are the prime factors of l?
2, 47
Suppose -8*n + 178946 - 143795 + 224833 = 0. What are the prime factors of n?
2, 16249
Let x(u) = 2*u + 4. Let m be x(-1). Suppose m*t - 10 = -3*k, 0*k + k + t - 4 = 0. Suppose -3*f = n - 25, -3*f - 2*n + 31 - k = 0. List the prime factors of f.
7
Let g(i) = -i**2 + 26*i - 64. Let n = 261 - 248. What are the prime factors of g(n)?
3, 5, 7
Let g = 124 - 136. Let k be -1*(-5)/(-20) + 45/g. What are the prime factors of k/(-6)*(-279)/(-6)?
31
Suppose 116964 = 52*s - 7576. List the prime factors of s.
5, 479
Let g = -101 + 105. Suppose 13*c - 9*c - 3*z = 1110, 1112 = g*c - 4*z. List the prime factors of c.
2, 3, 23
Let w be (-248)/6*18*12/(-18). Let v = 696 - w. What are the prime factors of v?
2, 5
What are the prime factors of (-76)/(-14)*(-23 - 118872/(-48))?
19, 701
Suppose 8*g - 12*g - 12 = 0, -3*c + 5376 = 3*g. What are the prime factors of c?
5, 359
Let u(x) = 7 + 115*x**3 + 2 - 21*x + 28*x - 16 + 15*x**3 - x**2. List the prime factors of u(2).
7, 149
Let t(i) = -6*i - 22. Let j be t(-4). Suppose 0 = -7*d + 6*d - j. List the prime factors of 166/3 - d/3.
2, 7
Suppose -64*y + 50998 + 540959 = -444203. What are the prime factors of y?
2, 5, 1619
Let y be 2803 - -4*20/16. Suppose -2*a - 7*d + 1861 = -8*d, -4*d + y = 3*a. What are the prime factors of a?
2, 233
Suppose 2*s - 931 = -d, 0*s - 4*s = -3*d + 2753. Let h = d + -467. What are the prime factors of h?
2, 3, 19
Suppose 22*o = 19*o + 1344. What are the prime factors of 990/220*o/6?
2, 3, 7
Let q be 2/7 + 4898/7. Suppose -9*c + 2*c + q = 0. What are the prime factors of c?
2, 5
What are the prime factors of 19252/2 + (-8 - (154 + -11)/(-11))?
9631
Suppose -273*s + 5501307 = -32*s. List the prime factors of s.
3, 7, 1087
Suppose -3*t = 5*i + 16, 17 = 47*t - 49*t + 3*i. Let d(f) be the first derivative of -f**2/2 + 8*f - 1. What are the prime factors of d(t)?
3, 5
Let v(p) = -p**3 + 56*p**2 + 58*p + 69. What are the prime factors of v(56)?
31, 107
Suppose -36844 = -4*i - 3*p - 2440, 0 = 2*i - p - 17202. List the prime factors of i.
3, 47, 61
Let t(x) = 203*x - 26 + 207*x + 38*x**2 - 411*x. What are the prime factors of t(4)?
2, 17
Let f be ((-32)/(-6) - 4)/((-6)/(-20718)). Suppose -9*n = 158 - f. List the prime factors of n.
2, 13, 19
Suppose 268 = 20*p - 292. Suppose -p*x + 2115 + 8693 = 0. List the prime factors of x.
2, 193
Suppose -2*x = -5*r - 8193, -3*r = x + 4158 + 749. Let n = r - -2831. List the prime factors of n.
2, 3, 199
Let s(z) be the third derivative of z**6/120 + 2*z**5/15 - 7*z**4/12 - z**3/6 + 7*z**2. Let f be s(-9). Suppose f = 2*r - 0*r. List the prime factors of r.
2, 11
Let a(t) = 4*t**2 - 96*t + 977. What are the prime factors of a(72)?
19, 41
Let x(n) = -9*n**3 + 2*n**2 + 9*n - 6. Let q be x(3). Let a be 368 + 9/(18/8). Let l = a + q. List the prime factors of l.
2, 3, 7
Suppose -19*k - 6623 = -6946. Let d be ((-10)/6)/(2/192). Let m = k - d. List the prime factors of m.
3, 59
Let q(y) = y**3 + 6*y**2 + 4. Let s be q(-6). Let r be (-2)/s*30/(-3). Suppose r*g = 4 - 19, 0 = 4*i - 4*g - 80. List the prime factors of i.
17
Let j = 73 - 42. Suppose -2*g + 40 = s - 22, g - s - j = 0. What are the prime factors of g?
31
Suppose -4 = 4*l - 20. Suppose l*i = -0*h - h + 58, i + 5*h - 5 = 0. What are the prime factors of (2/i*87 - -3)*5?
73
Let r(n) = -n**3 + 24*n**2 - 24*n - 22. Suppose -4*h + 71 = -m, -2*m + 79 = 5*h - 0*m. List the prime factors of r(h).
3, 59
Let y(i) = 2*i**2 - 5*i - 6. Let s be y(-2). Suppose -2*q - 1580 = -s*q. List the prime factors of q.
2, 79
Let w be 4*(-4)/((-16)/26). Let v = w + 80. Suppose -5*a + v = -94. List the prime factors of a.
2, 5
Let o be (-2)/((8 - 7) + -3). Let z(j) = 1391*j**3 - j**2 + 23*j - 22. List the prime factors of z(o).
13, 107
Let v be (-1*3/6)/(2/(-32)). Suppose -6*m = -v*m - 8. List the prime factors of (128/(-12))/(1 + m/3).
2
Let f(p) be the third derivative of p**5/12 - 3*p**4/4 + 31*p**3/6 - 2*p**2 + 48. What are the prime factors of f(-6)?
11, 29
Let v(s) = 22*s**2 + 39*s - 45. List the prime factors of v(15).
2, 3, 5, 61
Let o(z) = -14*z - z - 66*z**2 + 124*z**2 + 8 - 53*z**2. List the prime factors of o(10).
2, 179
Suppose -34*l + 578304 + 60518 - 11420 = 0. What are the prime factors of l?
3, 6151
Suppose -15*d + 1452 = 7*d. Let c = -87 + 175. Let p = d + c. What are the prime factors of p?
2, 7, 11
Suppose 0 = -2*z - g - 7, 0 = 4*g - 3*g + 5. Let h(y) = 109*y - 4. Let q(j) = 2*j. Let l(b) = -h(b) + 4*q(b). List the prime factors of l(z).
3, 5, 7
List the prime factors of (14561/((-172)/(-36) - 5))/(6/(-4)).
3, 14561
Let f(g) = -4*g - 1. Let x be f(-2). Let t = 379 + x. List the prime factors of t.
2, 193
Suppose 30*o = 25*o + 15, 2*d - 3106 = -2*o. Suppose 3*l + d - 4379 = 0. What are the prime factors of l?
23, 41
Suppose -182217 = 1557*x - 1669*x + 133287. What are the prime factors of x?
3, 313
Let a be (9/(-6))/(9/(-348)). Let y = a - 195. Let f = 279 + y. List the prime factors of f.
2, 71
Let u(p) = -p**2 + 11*p - 24. Suppose 4*b + 30 = 2*y, 3*b + 25 = 3*y - y. Let f be u(y). Suppose -560 = 2*i - f*i. List the prime factors of i.
2, 5, 7
List the prime factors of (-9 + 34/4)*-5086.
2543
Suppose 0 = -31*j + 80 - 1568. What are the prime factors of 6080/j*15/(-4)?
5, 19
Let s = 6734 + -6611. What are the prime factors of s?
3, 41
Suppose -13*w - w + 2100 = 0. Let q = w - 70. What are the prime factors of q?
2, 5
Let p be (-15)/((((-2)/(-1231))/(-2))/5). What are the prime factors of 2/5 + p/125?
739
Let a(k) = 637*k - 773. List the prime factors of a(17).
2, 3, 419
Suppose 5*d - u = 4, -4*d - 3*u - 18 + 6 = 0. Suppose -29*v + 19*v + 200 = d. What are the prime factors of v?
2, 5
Let l(n) = -4*n**3 + 3*n**3 + 1615 - 1598 + 12*n**2 - 11*n. List the prime factors of l(6).
167
Let l(y) = 6*y**2 - 32*y + 583. What are the prime factors of l(37)?
23, 331
Let k(c) = c**2 + 5*c